{"id":7591,"date":"2025-08-29T20:05:00","date_gmt":"2025-08-29T20:05:00","guid":{"rendered":"https:\/\/www.saludtlax.gob.mx\/portal\/?page_id=7591"},"modified":"2025-09-25T22:08:23","modified_gmt":"2025-09-25T22:08:23","slug":"compromisos-de-agenda-ciudadana","status":"publish","type":"page","link":"https:\/\/www.saludtlax.gob.mx\/portal\/index.php\/compromisos-de-agenda-ciudadana\/","title":{"rendered":"Compromisos de Agenda Ciudadana"},"content":{"rendered":"<section class=\"wpb-content-wrapper\"><p>[vc_row][vc_column][vc_column_text]&nbsp;<\/p>\n<table>\n<tbody>\n<tr>\n<td>No.<\/td>\n<td>Compromiso<\/td>\n<td>PDF<\/td>\n<\/tr>\n<tr>\n<td>119<\/td>\n<td>Propuesta de iniciativa de la ley de Salud Mental para el estado de<br \/>\nTlaxcala.<\/td>\n<td>\u00a0<a href=\"https:\/\/www.saludtlax.gob.mx\/documentos\/compromisos\/2025\/119.pdf\" target=\"_blank\" rel=\"noopener\"><img loading=\"lazy\" decoding=\"async\" class=\"alignnone\" src=\"https:\/\/www.saludtlax.gob.mx\/images\/ico_pdf.png\" alt=\"Imagen\" width=\"32\" height=\"32\" \/><\/a><\/td>\n<\/tr>\n<tr>\n<td>120<\/td>\n<td>Crearemos el Instituto para Enfermos Renales de manera integral<\/td>\n<\/tr>\n<tr>\n<td>121<\/td>\n<td>Investigaci\u00f3n de las causas, diagn\u00f3sticos oportunos de enfermedades renales en ni\u00f1os, la creaci\u00f3n de propuesta para disminuir la incidencia y generar la cultura de la prevenci\u00f3n, tratamientos oportunos y fomento a los trasplantes.<\/td>\n<\/tr>\n<tr>\n<td>122<\/td>\n<td>Tendremos el programa de un m\u00e9dico en casa, para enfermos especiales con incapacidad de salir de su domicilio<\/td>\n<td>\u00a0<a href=\"https:\/\/www.saludtlax.gob.mx\/documentos\/compromisos\/2025\/122.pdf\" target=\"_blank\" rel=\"noopener\"><img loading=\"lazy\" decoding=\"async\" class=\"alignnone\" src=\"https:\/\/www.saludtlax.gob.mx\/images\/ico_pdf.png\" alt=\"Imagen\" width=\"32\" height=\"32\" \/><\/a><\/td>\n<\/tr>\n<tr>\n<td>123<\/td>\n<td>Elevaremos a tercer nivel el Hospital General, con m\u00e1s camas y especialidades indispensables como traumatolog\u00eda y ortopedia, cardiolog\u00eda, oncolog\u00eda y geriatr\u00eda.<\/td>\n<\/tr>\n<tr>\n<td>124<\/td>\n<td>Nuestro personal m\u00e9dico tendr\u00e1 mejores salarios y condiciones de trabajo.<\/td>\n<td><span class='pum-trigger  popmake-7653  ' data-do-default=''><img loading=\"lazy\" decoding=\"async\" class=\"alignnone\" src=\"https:\/\/www.saludtlax.gob.mx\/images\/ico_web.png\" alt=\"\" width=\"32\" height=\"32\"\/><\/span><\/td>\n<\/tr>\n<tr>\n<td>125<\/td>\n<td>Cuidaremos de todos durante el COVID-19: Tendremos kioscos COVID las 24 horas del d\u00eda con apoyos econ\u00f3micos para enfermos por COVID en per\u00edodo de convalecencia, Pruebas de detecci\u00f3n r\u00e1pida, Cargas gratuitas y tanques de ox\u00edgeno y haremos convenios con hospitales privados para ampliar la cobertura de nuestros enfermos por COVID.<\/td>\n<\/tr>\n<tr>\n<td>126<\/td>\n<td>Psic\u00f3logos suficientes (de preferencia uno por centro de salud), para la atenci\u00f3n primaria de salud mental y Mayor contrataci\u00f3n de psiquiatras y psic\u00f3logos para hospitales y unidades especializadas.<\/td>\n<td>\u00a0<a href=\"https:\/\/www.saludtlax.gob.mx\/documentos\/compromisos\/2025\/126.pdf\" target=\"_blank\" rel=\"noopener\"><img loading=\"lazy\" decoding=\"async\" class=\"alignnone\" src=\"https:\/\/www.saludtlax.gob.mx\/images\/ico_pdf.png\" alt=\"Imagen\" width=\"32\" height=\"32\" \/><\/a><\/td>\n<\/tr>\n<tr>\n<td>127<\/td>\n<td>Atenci\u00f3n a la salud mental post Covid.<\/td>\n<td>\u00a0<a href=\"https:\/\/www.saludtlax.gob.mx\/documentos\/compromisos\/2025\/127.pdf\" target=\"_blank\" rel=\"noopener\"><img loading=\"lazy\" decoding=\"async\" class=\"alignnone\" src=\"https:\/\/www.saludtlax.gob.mx\/images\/ico_pdf.png\" alt=\"Imagen\" width=\"32\" height=\"32\" \/><\/a><\/td>\n<\/tr>\n<tr>\n<td>128<\/td>\n<td>Mejorar el clima laboral de los trabajadores de la salud y otorgar atenci\u00f3n psicol\u00f3gica permanente.<\/td>\n<td>\u00a0<a href=\"https:\/\/www.saludtlax.gob.mx\/documentos\/rhumanos\/2024\/EVIDENCIA_COMPROMISO128_CLIMA_LABORAL.pdf\" target=\"_blank\" rel=\"noopener\"><img loading=\"lazy\" decoding=\"async\" class=\"alignnone\" src=\"https:\/\/www.saludtlax.gob.mx\/images\/ico_pdf.png\" alt=\"Imagen\" width=\"32\" height=\"32\" \/><\/a><\/td>\n<\/tr>\n<tr>\n<td>129<\/td>\n<td>Creaci\u00f3n del departamento de salud mental dentro de la direcci\u00f3n operativa del OPD Salud de Tlaxcala.<\/td>\n<\/tr>\n<tr>\n<td>130<\/td>\n<td>Cumpliremos el pacto de la primera infancia: Alcanzar una prevalencia de Lactancia Materna Exclusiva a los 6 meses de 40%. Reducir la prevalencia de desnutrici\u00f3n cr\u00f3nica en menores de 5 a\u00f1os a 9%. Reducir la prevalencia de anemia en menores de 5 a\u00f1os a 20.5%. Lograr que al menos el 40% de la poblaci\u00f3n menor de tres a\u00f1os tenga acceso a educaci\u00f3n inicial de calidad o programas de pr\u00e1ctica de crianza para sus padres\/cuidadores. Incrementar al 72% la cobertura de educaci\u00f3n preescolar y mejorar su calidad. Disminuir la prevalencia de ni\u00f1os con desarrollo inadecuado al 12%. Reducir la tasa de mortalidad por homicidio en menores de 4 a\u00f1os a menos de 2 por cada 100 mil habitantes y disminuir en al menos 10% el n\u00famero de casos de maltrato infantil en menores de 5 a\u00f1os. Resolver al menos el 80% de todos los casos de desapariciones en menores de 5 a\u00f1os, y disminuir su prevalencia anual en al menos 15%. Incrementar el porcentaje de ni\u00f1os registrados antes de 1 a\u00f1o al 90%. Disminuir en al menos 15% el n\u00famero de casos de abuso sexual infantil en menores de 5 a\u00f1os<\/td>\n<td>\u00a0<a href=\"https:\/\/www.saludtlax.gob.mx\/documentos\/compromisos\/2025\/130.pdf\" target=\"_blank\" rel=\"noopener\"><img loading=\"lazy\" decoding=\"async\" class=\"alignnone\" src=\"https:\/\/www.saludtlax.gob.mx\/images\/ico_pdf.png\" alt=\"Imagen\" width=\"32\" height=\"32\" \/><\/a><\/td>\n<\/tr>\n<tr>\n<td>131<\/td>\n<td>Mejoraremos la calidad y la atenci\u00f3n de los 179 centros de salud que tenemos en el estado, con mejores servicios m\u00e9dicos, laboratorios y farmacias con gran abasto de medicamentos. (oftalmolog\u00eda, odontolog\u00eda)<\/td>\n<td>\u00a0<a href=\"https:\/\/www.saludtlax.gob.mx\/documentos\/compromisos\/2025\/131.pdf\" target=\"_blank\" rel=\"noopener\"><img loading=\"lazy\" decoding=\"async\" class=\"alignnone\" src=\"https:\/\/www.saludtlax.gob.mx\/images\/ico_pdf.png\" alt=\"Imagen\" width=\"32\" height=\"32\" \/><\/a><\/td>\n<\/tr>\n<tr>\n<td>132<\/td>\n<td>Ampliar a 80 ambulancias para el traslado de pacientes como m\u00ednimo.<\/td>\n<\/tr>\n<tr>\n<td>161<\/td>\n<td>Realizar estudios sobre la potencial vinculaci\u00f3n de enfermedades cr\u00f3nicas con la contaminaci\u00f3n ambiental con especial \u00e9nfasis en las relacionadas con la contaminaci\u00f3n del agua (Interviniente)<\/td>\n<\/tr>\n<tr>\n<td>15<\/td>\n<td>Atenderemos las principales demandas en salud, educaci\u00f3n y vivienda, que reduzcan la pobreza y mejoren el bienestar de los trabajadores, contribuyendo con ello a elevar la productividad, la competitividad y la reactivaci\u00f3n de las empresas. (Interviniente)<\/td>\n<\/tr>\n<tr>\n<td>141<\/td>\n<td>Promoveremos programas que garanticen los derechos sexuales y reproductivos de las mujeres. (Interviniente)<\/td>\n<td>\u00a0<a href=\"https:\/\/www.saludtlax.gob.mx\/documentos\/compromisos\/2025\/141.pdf\" target=\"_blank\" rel=\"noopener\"><img loading=\"lazy\" decoding=\"async\" class=\"alignnone\" src=\"https:\/\/www.saludtlax.gob.mx\/images\/ico_pdf.png\" alt=\"Imagen\" width=\"32\" height=\"32\" \/><\/a><\/td>\n<\/tr>\n<\/tbody>\n<\/table>\n<p>[\/vc_column_text][\/vc_column][\/vc_row]<\/p>\n<\/section>","protected":false},"excerpt":{"rendered":"<p>[vc_row][vc_column][vc_column_text]&nbsp; No. Compromiso PDF 119 Propuesta de iniciativa de la ley de Salud Mental para el estado de Tlaxcala. \u00a0 120 Crearemos el Instituto para Enfermos Renales de manera integral 121 Investigaci\u00f3n de las causas, diagn\u00f3sticos oportunos de enfermedades renales en ni\u00f1os, la creaci\u00f3n de propuesta para disminuir la incidencia y generar la cultura de<\/p>\n","protected":false},"author":1,"featured_media":0,"parent":0,"menu_order":0,"comment_status":"closed","ping_status":"closed","template":"","meta":{"footnotes":""},"class_list":["post-7591","page","type-page","status-publish","hentry"],"_links":{"self":[{"href":"https:\/\/www.saludtlax.gob.mx\/portal\/index.php\/wp-json\/wp\/v2\/pages\/7591","targetHints":{"allow":["GET"]}}],"collection":[{"href":"https:\/\/www.saludtlax.gob.mx\/portal\/index.php\/wp-json\/wp\/v2\/pages"}],"about":[{"href":"https:\/\/www.saludtlax.gob.mx\/portal\/index.php\/wp-json\/wp\/v2\/types\/page"}],"author":[{"embeddable":true,"href":"https:\/\/www.saludtlax.gob.mx\/portal\/index.php\/wp-json\/wp\/v2\/users\/1"}],"replies":[{"embeddable":true,"href":"https:\/\/www.saludtlax.gob.mx\/portal\/index.php\/wp-json\/wp\/v2\/comments?post=7591"}],"version-history":[{"count":7,"href":"https:\/\/www.saludtlax.gob.mx\/portal\/index.php\/wp-json\/wp\/v2\/pages\/7591\/revisions"}],"predecessor-version":[{"id":7657,"href":"https:\/\/www.saludtlax.gob.mx\/portal\/index.php\/wp-json\/wp\/v2\/pages\/7591\/revisions\/7657"}],"wp:attachment":[{"href":"https:\/\/www.saludtlax.gob.mx\/portal\/index.php\/wp-json\/wp\/v2\/media?parent=7591"}],"curies":[{"name":"wp","href":"https:\/\/api.w.org\/{rel}","templated":true}]}}