{"id":6100,"date":"2023-05-01T20:58:58","date_gmt":"2023-05-01T20:58:58","guid":{"rendered":"https:\/\/www.saludtlax.gob.mx\/portal\/?page_id=6100"},"modified":"2023-05-01T21:02:28","modified_gmt":"2023-05-01T21:02:28","slug":"formatos-sis-2023","status":"publish","type":"page","link":"https:\/\/www.saludtlax.gob.mx\/portal\/index.php\/formatos-sis-2023\/","title":{"rendered":"Formatos SIS 2023"},"content":{"rendered":"<section class=\"wpb-content-wrapper\"><p>[vc_row][vc_column]<h3 class=\"box-header\">Formatos Sistema Informaci\u00f3n en Salud 2023<\/h3>[\/vc_column][\/vc_row][vc_row][vc_column][vc_column_text]<\/p>\n<table>\n<tbody>\n<tr>\n<td>\n<h3><strong>Todos los Formatos<\/strong><\/h3>\n<\/td>\n<td>\n<h3><strong>Formato<\/strong><\/h3>\n<\/td>\n<td>\n<h3><strong>Instructivo<\/strong><\/h3>\n<\/td>\n<\/tr>\n<tr>\n<td><\/td>\n<td><a href=\"https:\/\/intranet.saludtlax.gob.mx\/documentos\/FormatosSIS2023\/capacitacion\/formatos\/FormatosSIScapacitacion2023.7z\" target=\"_blank\" rel=\"noopener noreferrer\"><img decoding=\"async\" src=\"https:\/\/intranet.saludtlax.gob.mx\/images\/iconoZip.jpg\" alt=\"\" \/><\/a><\/td>\n<td><a href=\"https:\/\/intranet.saludtlax.gob.mx\/documentos\/FormatosSIS2023\/capacitacion\/instructivos\/InstructivosSIScapacitacion2023.7z\" target=\"_blank\" rel=\"noopener noreferrer\"><img decoding=\"async\" src=\"https:\/\/intranet.saludtlax.gob.mx\/images\/iconoZip.jpg\" alt=\"\" \/><\/a><\/td>\n<\/tr>\n<tr>\n<td>\n<h3><strong>Impresi\u00f3n<\/strong><\/h3>\n<\/td>\n<td>\n<h3><strong>Formato<\/strong><\/h3>\n<\/td>\n<td>\n<h3><strong>Instructivo<\/strong><\/h3>\n<\/td>\n<\/tr>\n<tr>\n<td>Unidades Medicas<\/td>\n<td><a href=\"https:\/\/intranet.saludtlax.gob.mx\/documentos\/FormatosSIS2023\/formatos\/01_Unidad_Medica.7z\" target=\"_blank\" rel=\"noopener noreferrer\"><img decoding=\"async\" src=\"https:\/\/intranet.saludtlax.gob.mx\/images\/iconoZip.jpg\" alt=\"\" \/><\/a><\/td>\n<td><a href=\"https:\/\/intranet.saludtlax.gob.mx\/documentos\/FormatosSIS2023\/instructivos\/01_Unidad_Medica.7z\" target=\"_blank\" rel=\"noopener noreferrer\"><img decoding=\"async\" src=\"https:\/\/intranet.saludtlax.gob.mx\/images\/iconoZip.jpg\" alt=\"\" \/><\/a><\/td>\n<\/tr>\n<tr>\n<td>Fuera de la Unidad<\/td>\n<td><u><a href=\"https:\/\/intranet.saludtlax.gob.mx\/documentos\/FormatosSIS2023\/formatos\/02_Fuera_de_la_unidad.7z\" target=\"_blank\" rel=\"noopener noreferrer\"><img decoding=\"async\" src=\"https:\/\/intranet.saludtlax.gob.mx\/images\/iconoZip.jpg\" alt=\"\" \/><\/a><\/u><\/td>\n<td><a href=\"https:\/\/intranet.saludtlax.gob.mx\/documentos\/FormatosSIS2023\/instructivos\/02_Fuera_de_la_unidad.7z\" target=\"_blank\" rel=\"noopener noreferrer\"><img decoding=\"async\" src=\"https:\/\/intranet.saludtlax.gob.mx\/images\/iconoZip.jpg\" alt=\"\" \/><\/a><\/td>\n<\/tr>\n<tr>\n<td>Prevenci\u00f3n y Control de Rabia<\/td>\n<td><a href=\"https:\/\/intranet.saludtlax.gob.mx\/documentos\/FormatosSIS2023\/formatos\/03_Prevencion_y_Control_de_Rabia.7z\" target=\"_blank\" rel=\"noopener noreferrer\"><img decoding=\"async\" src=\"https:\/\/intranet.saludtlax.gob.mx\/images\/iconoZip.jpg\" alt=\"\" \/><\/a><\/td>\n<td><u><a href=\"https:\/\/intranet.saludtlax.gob.mx\/documentos\/FormatosSIS2023\/instructivos\/03_Prevencion_y_Control_de_Rabia.7z\" target=\"_blank\" rel=\"noopener noreferrer\"><img decoding=\"async\" src=\"https:\/\/intranet.saludtlax.gob.mx\/images\/iconoZip.jpg\" alt=\"\" \/><\/a><\/u><\/td>\n<\/tr>\n<tr>\n<td>Leishmaniasis<\/td>\n<td><a href=\"https:\/\/intranet.saludtlax.gob.mx\/documentos\/FormatosSIS2023\/formatos\/04_Leishmaniasis.7z\" target=\"_blank\" rel=\"noopener noreferrer\"><img decoding=\"async\" src=\"https:\/\/intranet.saludtlax.gob.mx\/images\/iconoZip.jpg\" alt=\"\" \/><\/a><\/td>\n<td><a href=\"https:\/\/intranet.saludtlax.gob.mx\/documentos\/FormatosSIS2024\/instructivos\/04_Leishmaniasis.7z\" target=\"_blank\" rel=\"noopener noreferrer\"><img decoding=\"async\" src=\"https:\/\/intranet.saludtlax.gob.mx\/images\/iconoZip.jpg\" alt=\"\" \/><\/a><\/td>\n<\/tr>\n<tr>\n<td>Oncocercosis<\/td>\n<td><a href=\"https:\/\/intranet.saludtlax.gob.mx\/documentos\/FormatosSIS2023\/formatos\/05_Oncocercosis.7z\" target=\"_blank\" rel=\"noopener noreferrer\"><img decoding=\"async\" src=\"https:\/\/intranet.saludtlax.gob.mx\/images\/iconoZip.jpg\" alt=\"\" \/><\/a><\/td>\n<td><a href=\"https:\/\/intranet.saludtlax.gob.mx\/documentos\/FormatosSIS2023\/instructivos\/05_Oncocercosis.7z\" target=\"_blank\" rel=\"noopener noreferrer\"><img decoding=\"async\" src=\"https:\/\/intranet.saludtlax.gob.mx\/images\/iconoZip.jpg\" alt=\"\" \/><\/a><\/td>\n<\/tr>\n<tr>\n<td>Laboratorio<\/td>\n<td><a href=\"https:\/\/intranet.saludtlax.gob.mx\/documentos\/FormatosSIS2023\/formatos\/06_y_07_Laboratorio.7z\" target=\"_blank\" rel=\"noopener noreferrer\"><img decoding=\"async\" src=\"https:\/\/intranet.saludtlax.gob.mx\/images\/iconoZip.jpg\" alt=\"\" \/><\/a><\/td>\n<td><u><a href=\"https:\/\/intranet.saludtlax.gob.mx\/documentos\/FormatosSIS2023\/instructivos\/06_y_07_Laboratorio.7z\" target=\"_blank\" rel=\"noopener noreferrer\"><img decoding=\"async\" src=\"https:\/\/intranet.saludtlax.gob.mx\/images\/iconoZip.jpg\" alt=\"\" \/><\/a><\/u><\/td>\n<\/tr>\n<tr>\n<td>Psiquiatr\u00eda<\/td>\n<td><a href=\"https:\/\/intranet.saludtlax.gob.mx\/documentos\/FormatosSIS2023\/formatos\/08_Psiquiatria.7z\" target=\"_blank\" rel=\"noopener noreferrer\"><img decoding=\"async\" src=\"https:\/\/intranet.saludtlax.gob.mx\/images\/iconoZip.jpg\" alt=\"\" \/><\/a><\/td>\n<td><u><a href=\"https:\/\/intranet.saludtlax.gob.mx\/documentos\/FormatosSIS2023\/instructivos\/08_Psiquiatria.7z\" target=\"_blank\" rel=\"noopener noreferrer\"><img decoding=\"async\" src=\"https:\/\/intranet.saludtlax.gob.mx\/images\/iconoZip.jpg\" alt=\"\" \/><\/a><\/u><\/td>\n<\/tr>\n<tr>\n<td>VIH SIDA<\/td>\n<td><u><a href=\"https:\/\/intranet.saludtlax.gob.mx\/documentos\/FormatosSIS2023\/formatos\/09_VIH_SIDA.7z\" target=\"_blank\" rel=\"noopener noreferrer\"><img decoding=\"async\" src=\"https:\/\/intranet.saludtlax.gob.mx\/images\/iconoZip.jpg\" alt=\"\" \/><\/a><\/u><\/td>\n<td><u><a href=\"https:\/\/intranet.saludtlax.gob.mx\/documentos\/FormatosSIS2023\/instructivos\/09_VIH_SIDA.7z\" target=\"_blank\" rel=\"noopener noreferrer\"><img decoding=\"async\" src=\"https:\/\/intranet.saludtlax.gob.mx\/images\/iconoZip.jpg\" alt=\"\" \/><\/a><\/u><\/td>\n<\/tr>\n<tr>\n<td>UNEME EC<\/td>\n<td><a href=\"https:\/\/intranet.saludtlax.gob.mx\/documentos\/FormatosSIS2023\/formatos\/10_UNEME_EC.7z\" target=\"_blank\" rel=\"noopener noreferrer\"><img decoding=\"async\" src=\"https:\/\/intranet.saludtlax.gob.mx\/images\/iconoZip.jpg\" alt=\"\" \/><\/a><\/td>\n<td><u><a href=\"https:\/\/intranet.saludtlax.gob.mx\/documentos\/FormatosSIS2023\/instructivos\/10_UNEME_EC.7z\" target=\"_blank\" rel=\"noopener noreferrer\"><img decoding=\"async\" src=\"https:\/\/intranet.saludtlax.gob.mx\/images\/iconoZip.jpg\" alt=\"\" \/><\/a><\/u><\/td>\n<\/tr>\n<tr>\n<td>UNEME CAPA<\/td>\n<td><u><a href=\"https:\/\/intranet.saludtlax.gob.mx\/documentos\/FormatosSIS2023\/formatos\/11_UNEME_CAPA.7z\" target=\"_blank\" rel=\"noopener noreferrer\"><img decoding=\"async\" src=\"https:\/\/intranet.saludtlax.gob.mx\/images\/iconoZip.jpg\" alt=\"\" \/><\/a><\/u><\/td>\n<td><a href=\"https:\/\/intranet.saludtlax.gob.mx\/documentos\/FormatosSIS2023\/instructivos\/11_UNEME_CAPA.7z\" target=\"_blank\" rel=\"noopener noreferrer\"><img decoding=\"async\" src=\"https:\/\/intranet.saludtlax.gob.mx\/images\/iconoZip.jpg\" alt=\"\" \/><\/a><\/td>\n<\/tr>\n<tr>\n<td>UNEME DEDICAM<\/td>\n<td><a href=\"https:\/\/intranet.saludtlax.gob.mx\/documentos\/FormatosSIS2023\/formatos\/12_UMENE_DEDICAM.7z\" target=\"_blank\" rel=\"noopener noreferrer\"><img decoding=\"async\" src=\"https:\/\/intranet.saludtlax.gob.mx\/images\/iconoZip.jpg\" alt=\"\" \/><\/a><\/td>\n<td><a href=\"https:\/\/intranet.saludtlax.gob.mx\/documentos\/FormatosSIS2023\/instructivos\/12_UMENE_DEDICAM.7z\" target=\"_blank\" rel=\"noopener noreferrer\"><img decoding=\"async\" src=\"https:\/\/intranet.saludtlax.gob.mx\/images\/iconoZip.jpg\" alt=\"\" \/><\/a><\/td>\n<\/tr>\n<tr>\n<td>Participaci\u00f3n Municipal<\/td>\n<td><a href=\"https:\/\/intranet.saludtlax.gob.mx\/documentos\/FormatosSIS2023\/formatos\/14_Participacion_municipal.7z\" target=\"_blank\" rel=\"noopener noreferrer\"><img decoding=\"async\" src=\"https:\/\/intranet.saludtlax.gob.mx\/images\/iconoZip.jpg\" alt=\"\" \/><\/a><\/td>\n<td><a href=\"https:\/\/intranet.saludtlax.gob.mx\/documentos\/FormatosSIS2023\/instructivos\/14_Participacion_municipal.7z\" target=\"_blank\" rel=\"noopener noreferrer\"><img decoding=\"async\" src=\"https:\/\/intranet.saludtlax.gob.mx\/images\/iconoZip.jpg\" alt=\"\" \/><\/a><\/td>\n<\/tr>\n<tr>\n<td>Promoci\u00f3n de la Salud Jurisdiccional<\/td>\n<td><a href=\"https:\/\/intranet.saludtlax.gob.mx\/documentos\/FormatosSIS2023\/formatos\/15_Promocion_de_la_Salud_Jurisdiccion.7z\" target=\"_blank\" rel=\"noopener noreferrer\"><img decoding=\"async\" src=\"https:\/\/intranet.saludtlax.gob.mx\/images\/iconoZip.jpg\" alt=\"\" \/><\/a><\/td>\n<td><a href=\"https:\/\/intranet.saludtlax.gob.mx\/documentos\/FormatosSIS2023\/instructivos\/15_Promocion_de_la_Salud_Jurisdiccion.7z\" target=\"_blank\" rel=\"noopener noreferrer\"><img decoding=\"async\" src=\"https:\/\/intranet.saludtlax.gob.mx\/images\/iconoZip.jpg\" alt=\"\" \/><\/a><\/td>\n<\/tr>\n<tr>\n<td>Promoci\u00f3n de la Salud Estatal<\/td>\n<td><a href=\"https:\/\/intranet.saludtlax.gob.mx\/documentos\/FormatosSIS2023\/formatos\/16_Promocion_de_la_Salud_Estatal.7z\" target=\"_blank\" rel=\"noopener noreferrer\"><img decoding=\"async\" src=\"https:\/\/intranet.saludtlax.gob.mx\/images\/iconoZip.jpg\" alt=\"\" \/><\/a><\/td>\n<td><a href=\"https:\/\/intranet.saludtlax.gob.mx\/documentos\/FormatosSIS2023\/instructivos\/16_Promocion_de_la_Salud_Estatal.7z\" target=\"_blank\" rel=\"noopener noreferrer\"><img decoding=\"async\" src=\"https:\/\/intranet.saludtlax.gob.mx\/images\/iconoZip.jpg\" alt=\"\" \/><\/a><\/td>\n<\/tr>\n<tr>\n<td>JNSP-SB<\/td>\n<td><a href=\"https:\/\/intranet.saludtlax.gob.mx\/documentos\/FormatosSIS2023\/formatos\/17_JNSPSB.7z\" target=\"_blank\" rel=\"noopener noreferrer\"><img decoding=\"async\" src=\"https:\/\/intranet.saludtlax.gob.mx\/images\/iconoZip.jpg\" alt=\"\" \/><\/a><\/td>\n<td><a href=\"https:\/\/intranet.saludtlax.gob.mx\/documentos\/FormatosSIS2023\/instructivos\/17_JNSPSB.7z\" target=\"_blank\" rel=\"noopener noreferrer\"><img decoding=\"async\" src=\"https:\/\/intranet.saludtlax.gob.mx\/images\/iconoZip.jpg\" alt=\"\" \/><\/a><\/td>\n<\/tr>\n<tr>\n<td>Jornadas Nacionales para EDAs e IRAs<\/td>\n<td><a href=\"https:\/\/intranet.saludtlax.gob.mx\/documentos\/FormatosSIS2023\/formatos\/18_Jornadas_Nacionales_para_EDAs_e_IRAs.7z\" target=\"_blank\" rel=\"noopener noreferrer\"><img decoding=\"async\" src=\"https:\/\/intranet.saludtlax.gob.mx\/images\/iconoZip.jpg\" alt=\"\" \/><\/a><\/td>\n<td><a href=\"https:\/\/intranet.saludtlax.gob.mx\/documentos\/FormatosSIS2023\/instructivos\/18_Jornadas_Nacionales_para_EDAs_e_IRAs.7z\" target=\"_blank\" rel=\"noopener noreferrer\"><img decoding=\"async\" src=\"https:\/\/intranet.saludtlax.gob.mx\/images\/iconoZip.jpg\" alt=\"\" \/><\/a><\/td>\n<\/tr>\n<tr>\n<td>Antiinfluenza Estacional<\/td>\n<td><a href=\"https:\/\/intranet.saludtlax.gob.mx\/documentos\/FormatosSIS2023\/formatos\/19_Antiinfluenza_estacional.7z\" target=\"_blank\" rel=\"noopener noreferrer\"><img decoding=\"async\" src=\"https:\/\/intranet.saludtlax.gob.mx\/images\/iconoZip.jpg\" alt=\"\" \/><\/a><\/td>\n<td><a href=\"https:\/\/intranet.saludtlax.gob.mx\/documentos\/FormatosSIS2023\/instructivos\/19_Antiinfluenza_estacional.7z\" target=\"_blank\" rel=\"noopener noreferrer\"><img decoding=\"async\" src=\"https:\/\/intranet.saludtlax.gob.mx\/images\/iconoZip.jpg\" alt=\"\" \/><\/a><\/td>\n<\/tr>\n<tr>\n<td>Telesalud<\/td>\n<td><a href=\"https:\/\/intranet.saludtlax.gob.mx\/documentos\/FormatosSIS2023\/formatos\/13_Telesalud.7z\" target=\"_blank\" rel=\"noopener noreferrer\"><img decoding=\"async\" src=\"https:\/\/intranet.saludtlax.gob.mx\/images\/iconoZip.jpg\" alt=\"\" \/><\/a><\/td>\n<td><a href=\"https:\/\/intranet.saludtlax.gob.mx\/documentos\/FormatosSIS2023\/instructivos\/13_Telesalud.7z\" target=\"_blank\" rel=\"noopener noreferrer\"><img decoding=\"async\" src=\"https:\/\/intranet.saludtlax.gob.mx\/images\/iconoZip.jpg\" alt=\"\" \/><\/a><\/td>\n<\/tr>\n<tr>\n<td>Urgencias<\/td>\n<td><a href=\"https:\/\/intranet.saludtlax.gob.mx\/documentos\/FormatosSIS2023\/formatos\/Formato_Urgencias_2023.pdf\" target=\"_blank\" rel=\"noopener noreferrer\"><img decoding=\"async\" src=\"https:\/\/intranet.saludtlax.gob.mx\/images\/ico_pdf.png\" alt=\"\" \/><\/a><\/td>\n<td><a href=\"https:\/\/intranet.saludtlax.gob.mx\/documentos\/FormatosSIS2023\/instructivos\/Instructivo_Urgencias_2023.pdf\" target=\"_blank\" rel=\"noopener noreferrer\"><img decoding=\"async\" src=\"https:\/\/intranet.saludtlax.gob.mx\/images\/ico_pdf.png\" alt=\"\" \/><\/a><\/td>\n<\/tr>\n<tr>\n<td>Lesiones<\/td>\n<td><a href=\"https:\/\/intranet.saludtlax.gob.mx\/documentos\/FormatosSIS2023\/formatos\/Formato_Lesiones_2023_V2.pdf\" target=\"_blank\" rel=\"noopener noreferrer\"><img decoding=\"async\" src=\"https:\/\/intranet.saludtlax.gob.mx\/images\/ico_pdf.png\" alt=\"\" \/><\/a><\/td>\n<td><a href=\"https:\/\/intranet.saludtlax.gob.mx\/documentos\/FormatosSIS2023\/instructivos\/Instructivo_Lesiones_2023.pdf\" target=\"_blank\" rel=\"noopener noreferrer\"><img decoding=\"async\" src=\"https:\/\/intranet.saludtlax.gob.mx\/images\/ico_pdf.png\" alt=\"\" \/><\/a><\/td>\n<\/tr>\n<tr>\n<td>Egresos<\/td>\n<td><a href=\"https:\/\/intranet.saludtlax.gob.mx\/documentos\/FormatosSIS2023\/formatos\/Formato_Egresos_2023.pdf\" target=\"_blank\" rel=\"noopener noreferrer\"><img decoding=\"async\" src=\"https:\/\/intranet.saludtlax.gob.mx\/images\/ico_pdf.png\" alt=\"\" \/><\/a><\/td>\n<td><a href=\"https:\/\/intranet.saludtlax.gob.mx\/documentos\/FormatosSIS2023\/instructivos\/Instructivo_Egresos_2023.pdf\" target=\"_blank\" rel=\"noopener noreferrer\"><img decoding=\"async\" src=\"https:\/\/intranet.saludtlax.gob.mx\/images\/ico_pdf.png\" alt=\"\" \/><\/a><\/td>\n<\/tr>\n<\/tbody>\n<\/table>\n<p>[\/vc_column_text][\/vc_column][\/vc_row]<\/p>\n<\/section>","protected":false},"excerpt":{"rendered":"<p>[vc_row][vc_column][\/vc_column][\/vc_row][vc_row][vc_column][vc_column_text] Todos los Formatos Formato Instructivo Impresi\u00f3n Formato Instructivo Unidades Medicas Fuera de la Unidad Prevenci\u00f3n y Control de Rabia Leishmaniasis Oncocercosis Laboratorio Psiquiatr\u00eda VIH SIDA UNEME EC UNEME CAPA UNEME DEDICAM Participaci\u00f3n Municipal Promoci\u00f3n de la Salud Jurisdiccional Promoci\u00f3n de la Salud Estatal JNSP-SB Jornadas Nacionales para EDAs e IRAs Antiinfluenza Estacional Telesalud Urgencias<\/p>\n","protected":false},"author":1,"featured_media":0,"parent":0,"menu_order":0,"comment_status":"closed","ping_status":"closed","template":"","meta":{"footnotes":""},"class_list":["post-6100","page","type-page","status-publish","hentry"],"_links":{"self":[{"href":"https:\/\/www.saludtlax.gob.mx\/portal\/index.php\/wp-json\/wp\/v2\/pages\/6100","targetHints":{"allow":["GET"]}}],"collection":[{"href":"https:\/\/www.saludtlax.gob.mx\/portal\/index.php\/wp-json\/wp\/v2\/pages"}],"about":[{"href":"https:\/\/www.saludtlax.gob.mx\/portal\/index.php\/wp-json\/wp\/v2\/types\/page"}],"author":[{"embeddable":true,"href":"https:\/\/www.saludtlax.gob.mx\/portal\/index.php\/wp-json\/wp\/v2\/users\/1"}],"replies":[{"embeddable":true,"href":"https:\/\/www.saludtlax.gob.mx\/portal\/index.php\/wp-json\/wp\/v2\/comments?post=6100"}],"version-history":[{"count":3,"href":"https:\/\/www.saludtlax.gob.mx\/portal\/index.php\/wp-json\/wp\/v2\/pages\/6100\/revisions"}],"predecessor-version":[{"id":6104,"href":"https:\/\/www.saludtlax.gob.mx\/portal\/index.php\/wp-json\/wp\/v2\/pages\/6100\/revisions\/6104"}],"wp:attachment":[{"href":"https:\/\/www.saludtlax.gob.mx\/portal\/index.php\/wp-json\/wp\/v2\/media?parent=6100"}],"curies":[{"name":"wp","href":"https:\/\/api.w.org\/{rel}","templated":true}]}}