{"id":5614,"date":"2023-02-07T15:57:33","date_gmt":"2023-02-07T15:57:33","guid":{"rendered":"https:\/\/www.saludtlax.gob.mx\/portal\/?page_id=5614"},"modified":"2025-01-29T22:07:33","modified_gmt":"2025-01-29T22:07:33","slug":"comision-estatal-para-la-proteccion-contra-riesgos-sanitarios-del-estado-de-tlaxcala-coeprist","status":"publish","type":"page","link":"https:\/\/www.saludtlax.gob.mx\/portal\/index.php\/comision-estatal-para-la-proteccion-contra-riesgos-sanitarios-del-estado-de-tlaxcala-coeprist\/","title":{"rendered":"COEPRIST"},"content":{"rendered":"<section class=\"wpb-content-wrapper\"><p>[vc_row][vc_column]<h3 class=\"box-header\">Que es la COEPRIST<\/h3>[vc_column_text]Es grato para \u00e9sta\u00a0 Comisi\u00f3n Estatal Para la Protecci\u00f3n Contra Riesgos Sanitarios del Estado de Tlaxcala (COEPRIST)\u00a0 compartir con nuestra poblaci\u00f3n tlaxcalteca,\u00a0 las acciones que se realizan a nivel estatal y como parte integrante de\u00a0 la regi\u00f3n centro del Sistema Federal Sanitario,\u00a0 en\u00a0programas y proyectos que inciden en\u00a0los rubros de \u00a0atenci\u00f3n m\u00e9dica,\u00a0 salud ambiental,\u00a0insumos para la salud humana\u00a0y\u00a0 productos y servicios.<\/p>\n<p><img loading=\"lazy\" decoding=\"async\" class=\"alignnone size-medium wp-image-7016\" src=\"https:\/\/www.saludtlax.gob.mx\/portal\/wp-content\/uploads\/2025\/01\/coeprist-300x83.jpeg\" alt=\"\" width=\"300\" height=\"83\" srcset=\"https:\/\/www.saludtlax.gob.mx\/portal\/wp-content\/uploads\/2025\/01\/coeprist-300x83.jpeg 300w, https:\/\/www.saludtlax.gob.mx\/portal\/wp-content\/uploads\/2025\/01\/coeprist.jpeg 427w\" sizes=\"auto, (max-width: 300px) 100vw, 300px\" \/><\/p>\n<p>La expectativa de \u00e9sta Comisi\u00f3n Estatal es que la informaci\u00f3n aqui brindada, no s\u00f3lo sea \u00fatil a nuestros usuarios, sino a la poblaci\u00f3n en general y por otra parte, se cumple con el compromiso que esta actual \u00a0administraci\u00f3n estatal\u00a0se ha marcado como directriz: la de\u00a0ser un ente gubernamental transparente y cercano a la gente.[\/vc_column_text][\/vc_column][\/vc_row][vc_row][vc_column][vc_column_text]<\/p>\n<h3><strong>Misi\u00f3n<\/strong><\/h3>\n<ul>\n<li><strong>Proteger la salud de la poblaci\u00f3n tlaxcalteca contra riesgos sanitarios provocados por el uso y consumo de productos y servicios, de insumos para la salud humana; por exposici\u00f3n a factores ambientales, laborales y de emergencia sanitaria, por la prestaci\u00f3n de servicios de atenci\u00f3n m\u00e9dica en los \u00e1mbitos p\u00fablico y privado, mediante acciones de fomento, regulaci\u00f3n, vigilancia y control sanitario<\/strong><\/li>\n<\/ul>\n<h4><strong>Visi\u00f3n<\/strong><\/h4>\n<ul>\n<li><strong>Consolidarse como autoridad confiable, moderna y eficaz, en materia de protecci\u00f3n de la salud de la entidad; destacada en el \u00e1mbito regional por su capacidad t\u00e9cnica operativa dentro del Sistema Federal Sanitario del que es integrante.<\/strong><\/li>\n<\/ul>\n<h3><strong>\u00c9tica<\/strong><\/h3>\n<ul>\n<li>Para el personal de todos los niveles en la toma de decisiones y en la ejecuci\u00f3n de las acciones diarias, se conduzca apegado a los principios legales y morales adecuados, anteponiendo el servicio p\u00fablico frente a intereses de otra \u00edndole.<\/li>\n<\/ul>\n<h3><strong>Responsabilidad<\/strong><\/h3>\n<ul>\n<li>Asumir nuestra capacidad para responder en tiempo a las necesidades de la ciudadan\u00eda, generando confiabilidad de usuarios externos e internos.<\/li>\n<\/ul>\n<h3><strong>Respeto<\/strong><\/h3>\n<ul>\n<li>Acatar puntualmente las Leyes, los ordenamientos sanitarios y aqu\u00e9llos que regulan el servicio p\u00fablico otorgado por la Comisi\u00f3n, prestando atenci\u00f3n especial a las personas ya sean nuestros usuarios o a la poblaci\u00f3n en general, para generar un clima laboral adecuado.<\/li>\n<\/ul>\n<h3><strong>Actitud de Servicio<\/strong><\/h3>\n<ul>\n<li>El servicios que prestamos es p\u00fablico por tanto responde a exigencias de la sociedad, as\u00ed como de los sectores de la poblaci\u00f3n, por lo que la puntualidad, la prudencia, la amabilidad, la atenci\u00f3n pronta expedita ser\u00e1n principios que rijan la conducta del personal de la Comisi\u00f3n.<\/li>\n<\/ul>\n<h3><strong>Transparencia<\/strong><\/h3>\n<ul>\n<li>Nuestros actos, procesos administrativos, actos y decisiones son p\u00fablicos, por tanto, est\u00e1n al libre escrutinio y cr\u00edtica de la opini\u00f3n p\u00fablica.<\/li>\n<\/ul>\n<p>[\/vc_column_text][vc_column_text]En este espacio encontrar\u00e1s los formatos a trav\u00e9s de los cuales ante \u00a0la Comisi\u00f3n Estatal y sus centros de atenci\u00f3n \u00a0podr\u00e1s tramitar el alta o autorizaci\u00f3n de tu establecimiento seg\u00fan sea el caso, as\u00ed como tambi\u00e9n la Modificaci\u00f3n y\/o actualizaci\u00f3n de los datos del establecimiento..<\/p>\n<p>Dependiendo el tipo de establecimiento que desees dar de alta, Modificaci\u00f3n y\/o Actualizaci\u00f3n o Baja, se puede clasificar dentro del siguiente rubro:<\/p>\n<p>&nbsp;<\/p>\n<h1><b>Nombre del Formato Formato vigente Instructivo y gu\u00edas de requisitos<\/b><\/h1>\n<p>&nbsp;<\/p>\n<table>\n<tbody>\n<tr>\n<td>\n<h3>Autorizaciones, certificados y visitas<\/h3>\n<\/td>\n<td>\n<h4><a href=\"https:\/\/coeprist.saludtlax.gob.mx\/images\/docs\/transparencia\/2017\/planeacion\/micrositios\/tramites\/Formato_Autorizaciones.pdf\" target=\"_blank\" rel=\"noopener\">Formato<\/a><\/h4>\n<\/td>\n<td>\n<h4><a href=\"https:\/\/coeprist.saludtlax.gob.mx\/images\/docs\/transparencia\/2017\/planeacion\/micrositios\/tramites\/Instructivo_Autorizaciones.pdf\" target=\"_blank\" rel=\"noopener\">PDF<\/a><\/h4>\n<\/td>\n<\/tr>\n<tr>\n<td>\n<h3>Aviso de Funcionamiento, de Responsable Sanitario y de Modificaci\u00f3n o Baja<\/h3>\n<\/td>\n<td>\n<h4><a href=\"https:\/\/coeprist.saludtlax.gob.mx\/images\/docs\/transparencia\/2017\/planeacion\/micrositios\/tramites\/Formato_Aviso_Funcionamiento.pdf\" target=\"_blank\" rel=\"noopener\">Formato<\/a><\/h4>\n<\/td>\n<td>\n<h4><a href=\"https:\/\/coeprist.saludtlax.gob.mx\/images\/docs\/transparencia\/2017\/planeacion\/micrositios\/tramites\/Instructivo_Aviso_Funcionamiento.pdf\" target=\"_blank\" rel=\"noopener\">PDF<\/a><\/h4>\n<\/td>\n<\/tr>\n<tr>\n<td>\n<h3>\u00a0Avisos<\/h3>\n<\/td>\n<td>\n<h4><a href=\"https:\/\/coeprist.saludtlax.gob.mx\/images\/docs\/transparencia\/2017\/planeacion\/micrositios\/tramites\/Formato_Avisos.pdf\" target=\"_blank\" rel=\"noopener\">Formato<\/a><\/h4>\n<\/td>\n<td>\n<h4><a href=\"https:\/\/coeprist.saludtlax.gob.mx\/images\/docs\/transparencia\/2017\/planeacion\/micrositios\/tramites\/Instructivo_Avisos.pdf\" target=\"_blank\" rel=\"noopener\">PDF<\/a><\/h4>\n<\/td>\n<\/tr>\n<tr>\n<td>\n<h3>Internaci\u00f3n o Salida de Productos de Seres Humanos<\/h3>\n<\/td>\n<td>\n<h4><a href=\"https:\/\/coeprist.saludtlax.gob.mx\/images\/docs\/transparencia\/2017\/planeacion\/micrositios\/tramites\/Formato%20de%20Internaci%C3%B3n_Salida_Productos_Seres_Humanos.pdf\" target=\"_blank\" rel=\"noopener\">Formato<\/a><\/h4>\n<\/td>\n<td>\n<h4><a href=\"https:\/\/coeprist.saludtlax.gob.mx\/images\/docs\/transparencia\/2017\/planeacion\/micrositios\/tramites\/Instructivo_Internaci%C3%B3n_Salida_Productos_Seres_Humanos.pdf\" target=\"_blank\" rel=\"noopener\">PDF<\/a><\/h4>\n<\/td>\n<\/tr>\n<tr>\n<td>\n<h3>Otros Tr\u00e1mites<\/h3>\n<\/td>\n<td>\n<h4><a href=\"https:\/\/coeprist.saludtlax.gob.mx\/images\/docs\/transparencia\/2017\/planeacion\/micrositios\/tramites\/Formato_Otros_Tramites.pdf\" target=\"_blank\" rel=\"noopener\">Formato<\/a><\/h4>\n<\/td>\n<td>\n<h4><a href=\"https:\/\/coeprist.saludtlax.gob.mx\/images\/docs\/transparencia\/2017\/planeacion\/micrositios\/tramites\/Instructivo_Otros_Tramites.pdf\" target=\"_blank\" rel=\"noopener\">PDF<\/a><\/h4>\n<\/td>\n<\/tr>\n<tr>\n<td>\n<h3>PLAFEST<\/h3>\n<\/td>\n<td>\n<h4><a href=\"https:\/\/coeprist.saludtlax.gob.mx\/images\/docs\/transparencia\/2017\/planeacion\/micrositios\/tramites\/formato_PLAFEST.pdf\" target=\"_blank\" rel=\"noopener\">Formato<\/a><\/h4>\n<\/td>\n<td>\n<h4><a href=\"https:\/\/coeprist.saludtlax.gob.mx\/images\/docs\/transparencia\/2017\/planeacion\/micrositios\/tramites\/instructivo_PLAFEST.pdf\" target=\"_blank\" rel=\"noopener\">PDF<\/a><\/h4>\n<\/td>\n<\/tr>\n<tr>\n<td>\n<h3>\u00a0Servicios de Salud<\/h3>\n<\/td>\n<td>\n<h4><a href=\"https:\/\/coeprist.saludtlax.gob.mx\/images\/docs\/transparencia\/2017\/planeacion\/micrositios\/tramites\/Formato_Servicios_Salud.pdf\" target=\"_blank\" rel=\"noopener\">Formato<\/a><\/h4>\n<\/td>\n<td>\n<h4><a href=\"https:\/\/coeprist.saludtlax.gob.mx\/images\/docs\/transparencia\/2017\/planeacion\/micrositios\/tramites\/Instructivo_Servicios_Salud.pdf\" target=\"_blank\" rel=\"noopener\">PDF<\/a><\/h4>\n<\/td>\n<\/tr>\n<tr>\n<td>\n<h3>Tr\u00e1mites Relacionados con Productos del Tabaco<\/h3>\n<\/td>\n<td>\n<h4><a href=\"https:\/\/coeprist.saludtlax.gob.mx\/images\/docs\/transparencia\/2017\/planeacion\/micrositios\/tramites\/FORMATO_TABACO.pdf\" target=\"_blank\" rel=\"noopener\">Formato<\/a><\/h4>\n<\/td>\n<td>\n<h4><a href=\"https:\/\/coeprist.saludtlax.gob.mx\/images\/docs\/transparencia\/2017\/planeacion\/micrositios\/tramites\/Instructivo_TABACO.pdf\" target=\"_blank\" rel=\"noopener\">PDF<\/a><\/h4>\n<\/td>\n<\/tr>\n<tr>\n<td>\n<h3>Solicitud de Registro de Comit\u00e9<\/h3>\n<\/td>\n<td>\n<h4><a href=\"https:\/\/coeprist.saludtlax.gob.mx\/images\/docs\/transparencia\/2017\/planeacion\/micrositios\/tramites\/Formato_Registro_Comite.pdf\" target=\"_blank\" rel=\"noopener\">\u00a0Formato<\/a><\/h4>\n<\/td>\n<td>\n<h4><a href=\"https:\/\/coeprist.saludtlax.gob.mx\/images\/docs\/transparencia\/2017\/planeacion\/micrositios\/tramites\/Instructivo_Registro_Comit%C3%A9.pdf\" target=\"_blank\" rel=\"noopener\">PDF<\/a><\/h4>\n<\/td>\n<\/tr>\n<tr>\n<td>\n<h3>Solicitud \u00a0de Permiso Sanitario de Construcci\u00f3n<\/h3>\n<\/td>\n<td>\n<h4><a href=\"https:\/\/coeprist.saludtlax.gob.mx\/images\/docs\/transparencia\/2017\/planeacion\/micrositios\/tramites\/Formato_Permiso_Sanitario_Construccion.pdf\" target=\"_blank\" rel=\"noopener\">\u00a0Formato<\/a><\/h4>\n<\/td>\n<td>\n<h4><a href=\"https:\/\/coeprist.saludtlax.gob.mx\/images\/docs\/transparencia\/2017\/planeacion\/micrositios\/tramites\/Instructivo_Permiso_Sanitario_Construccion.pdf\" target=\"_blank\" rel=\"noopener\">PDF<\/a><\/h4>\n<\/td>\n<\/tr>\n<tr>\n<td>\n<h3>Aviso de Sospechas de Reacciones Adversas de Medicamentos<\/h3>\n<\/td>\n<td>\n<h4><a href=\"https:\/\/coeprist.saludtlax.gob.mx\/images\/docs\/transparencia\/2017\/planeacion\/micrositios\/tramites\/Formato_Aviso_Reacciones_Adversas.pdf\" target=\"_blank\" rel=\"noopener\">\u00a0Formato<\/a><\/h4>\n<\/td>\n<td>\n<h4><a href=\"https:\/\/coeprist.saludtlax.gob.mx\/images\/docs\/transparencia\/2017\/planeacion\/micrositios\/tramites\/Instructivo_Aviso_Reacciones_Adversas.pdf\" target=\"_blank\" rel=\"noopener\">PDF<\/a><\/h4>\n<\/td>\n<\/tr>\n<tr>\n<td>\n<h3>Denuncia Sanitaria (Acci\u00f3n Popular)<\/h3>\n<\/td>\n<td>\n<h4><a href=\"https:\/\/coeprist.saludtlax.gob.mx\/images\/docs\/transparencia\/2017\/planeacion\/micrositios\/tramites\/Formato_Denuncia_Sanitaria.pdf\" target=\"_blank\" rel=\"noopener\">Formato<\/a><\/h4>\n<\/td>\n<td>\n<h4><a href=\"https:\/\/coeprist.saludtlax.gob.mx\/images\/docs\/transparencia\/2017\/planeacion\/micrositios\/tramites\/Instructivo_Denuncia_Sanitaria.pdf\" target=\"_blank\" rel=\"noopener\">PDF<\/a><\/h4>\n<\/td>\n<\/tr>\n<tr>\n<td>\n<h3>Publicidad<\/h3>\n<\/td>\n<td>\n<h4><a href=\"https:\/\/coeprist.saludtlax.gob.mx\/images\/docs\/transparencia\/2017\/planeacion\/micrositios\/tramites\/Formato_Publicidad.pdf\" target=\"_blank\" rel=\"noopener\">Formato<\/a><\/h4>\n<\/td>\n<td>\n<h4><a href=\"https:\/\/coeprist.saludtlax.gob.mx\/images\/docs\/transparencia\/2017\/planeacion\/micrositios\/tramites\/Instructivo_Publicidad.pdf\" target=\"_blank\" rel=\"noopener\">PDF<\/a><\/h4>\n<\/td>\n<\/tr>\n<tr>\n<td>\n<h3>Permisos relacionados con la disposici\u00f3n de \u00f3rganos, tejidos y sus componentes, c\u00e9lulas y \u00a0cad\u00e1veres humanos<\/h3>\n<\/td>\n<td>\n<h4><a href=\"https:\/\/coeprist.saludtlax.gob.mx\/images\/docs\/transparencia\/2017\/tramites\/FormatoTraslado2018.pdf\" target=\"_blank\" rel=\"noopener\">Formato<\/a><\/h4>\n<\/td>\n<td><\/td>\n<\/tr>\n<tr>\n<td>\n<h3>Claves SCIAN<\/h3>\n<\/td>\n<td>\n<h4><a href=\"https:\/\/coeprist.saludtlax.gob.mx\/images\/docs\/transparencia\/2017\/planeacion\/micrositios\/tramites\/SCIAN_completo.pdf\" target=\"_blank\" rel=\"noopener\">Formato<\/a><\/h4>\n<\/td>\n<td><\/td>\n<\/tr>\n<tr>\n<td>\n<h3>C\u00e9dulas de Rayos X<\/h3>\n<\/td>\n<td>\n<h4><a href=\"https:\/\/coeprist.saludtlax.gob.mx\/images\/docs\/transparencia\/2017\/planeacion\/micrositios\/tramites\/CedulaRayosX.pdf\" target=\"_blank\" rel=\"noopener\">Formato<\/a><\/h4>\n<\/td>\n<td><\/td>\n<\/tr>\n<tr>\n<td>\n<h3>Tarifas de Pagos<\/h3>\n<\/td>\n<td>\n<h4><a href=\"https:\/\/coeprist.saludtlax.gob.mx\/images\/docs\/transparencia\/2019\/TarifasDePago2019.pdf\" target=\"_blank\" rel=\"noopener\">Formato<\/a><\/h4>\n<\/td>\n<td>\n<h4><\/h4>\n<\/td>\n<\/tr>\n<\/tbody>\n<\/table>\n<p>&nbsp;<\/p>\n<p><strong>NOTA IMPORTANTE A CONSIDERAR PARA EL INGRESO DE TR\u00c1MITES<\/strong><\/p>\n<p>Trat\u00e1ndose de personas que no se encuentren notificadas como Representante Legal, Responsable Sanitario y Personas Autorizadas ante esta dependencia y que deseen presentar tr\u00e1mites y recibir resoluciones, requerir\u00e1n exhibir carta poder en original y copia simple con la inclusi\u00f3n de dos testigos debidamente firmada, adjuntando copia de las identificaciones oficiales de los firmantes (art\u00edculo 19 de LEFEPA y art\u00edculo 44 segundo p\u00e1rrafo de la LEPA).<\/p>\n<p>Trat\u00e1ndose de empresas (Personas F\u00edsicas o Persona Morales) que no se encuentren notificadas ante esta dependencia y deseen ingresar un Escrito Libre, es necesario adem\u00e1s de lo anterior conocer el dato de RFC de la empresa para el ingreso del tr\u00e1mite.<\/p>\n<p><strong>\u00a1 SI TU TR\u00c1MITE DE AVISO DE FUNCIONAMIENTO, \u00a0ES ANTERIOR AL A\u00d1O 2016. SE TE INVITA A QUE ACUDAS A NUESTROS CENTROS INTEGRALES A ACTUALIZAR EL FORMATO DE AVISO DE FUNCIONAMIENTO Y TU RFC, Y SE INCORPORE A LA PLATAFORMA NACIONAL SIIIPRIS TR\u00c1MITES\u00a1 \u00a0<\/strong><\/p>\n<p><strong>Domicilio:<\/strong>\u00a0<strong>Av.\u00a0Antonio D\u00edaz Varela No. 74 Santa Ana Chiautempan, Tlaxcala,<\/strong><\/p>\n<p><strong>Santa Ana, Tlax. CP. 90800<\/strong><\/p>\n<p><strong>Tel: 246 46 5 04 30 Ext. 3280<\/strong><\/p>\n<p><b>Correo:\u00a0<span id=\"cloakdec94872ff19d0ff0ca69f3568e98676\"><a href=\"mailto:coeprist@saludtlax.gob.mx\">coeprist@saludtlax.gob.mx<\/a><\/span><\/b>[\/vc_column_text][\/vc_column][\/vc_row]<\/p>\n<\/section>","protected":false},"excerpt":{"rendered":"<p>[vc_row][vc_column][vc_column_text]Es grato para \u00e9sta\u00a0 Comisi\u00f3n Estatal Para la Protecci\u00f3n Contra Riesgos Sanitarios del Estado de Tlaxcala (COEPRIST)\u00a0 compartir con nuestra poblaci\u00f3n tlaxcalteca,\u00a0 las acciones que se realizan a nivel estatal y como parte integrante de\u00a0 la regi\u00f3n centro del Sistema Federal Sanitario,\u00a0 en\u00a0programas y proyectos que inciden en\u00a0los rubros de \u00a0atenci\u00f3n m\u00e9dica,\u00a0 salud ambiental,\u00a0insumos para<\/p>\n","protected":false},"author":1,"featured_media":0,"parent":0,"menu_order":0,"comment_status":"closed","ping_status":"closed","template":"","meta":{"footnotes":""},"class_list":["post-5614","page","type-page","status-publish","hentry"],"_links":{"self":[{"href":"https:\/\/www.saludtlax.gob.mx\/portal\/index.php\/wp-json\/wp\/v2\/pages\/5614","targetHints":{"allow":["GET"]}}],"collection":[{"href":"https:\/\/www.saludtlax.gob.mx\/portal\/index.php\/wp-json\/wp\/v2\/pages"}],"about":[{"href":"https:\/\/www.saludtlax.gob.mx\/portal\/index.php\/wp-json\/wp\/v2\/types\/page"}],"author":[{"embeddable":true,"href":"https:\/\/www.saludtlax.gob.mx\/portal\/index.php\/wp-json\/wp\/v2\/users\/1"}],"replies":[{"embeddable":true,"href":"https:\/\/www.saludtlax.gob.mx\/portal\/index.php\/wp-json\/wp\/v2\/comments?post=5614"}],"version-history":[{"count":6,"href":"https:\/\/www.saludtlax.gob.mx\/portal\/index.php\/wp-json\/wp\/v2\/pages\/5614\/revisions"}],"predecessor-version":[{"id":7017,"href":"https:\/\/www.saludtlax.gob.mx\/portal\/index.php\/wp-json\/wp\/v2\/pages\/5614\/revisions\/7017"}],"wp:attachment":[{"href":"https:\/\/www.saludtlax.gob.mx\/portal\/index.php\/wp-json\/wp\/v2\/media?parent=5614"}],"curies":[{"name":"wp","href":"https:\/\/api.w.org\/{rel}","templated":true}]}}