{"id":5611,"date":"2023-02-07T15:55:16","date_gmt":"2023-02-07T15:55:16","guid":{"rendered":"https:\/\/www.saludtlax.gob.mx\/portal\/?page_id=5611"},"modified":"2024-03-01T20:02:12","modified_gmt":"2024-03-01T20:02:12","slug":"unidades-de-apoyo","status":"publish","type":"page","link":"https:\/\/www.saludtlax.gob.mx\/portal\/index.php\/unidades-de-apoyo\/","title":{"rendered":"Unidades de Apoyo"},"content":{"rendered":"<section class=\"wpb-content-wrapper\"><p>[vc_row type=\u00bbfull-width\u00bb top_margin=\u00bbpage-margin-top\u00bb][vc_column width=\u00bb1\/2&#8243;][vc_single_image image=\u00bb6608&#8243; img_size=\u00bblarge-thumb\u00bb alignment=\u00bbcenter\u00bb][\/vc_column][vc_column width=\u00bb1\/2&#8243;]<h3 class=\"box-header\">Centro Estatal de Transfusi\u00f3n Sangu\u00ednea de Tlaxcala<\/h3><h2 class=\"box-header large margin-top-30 no-border\">\u00bfQu\u00e9 debo hacer para donar?<\/h2>[vc_column_text el_class=\u00bblarge margin-top-10&#8243;]Se realizar\u00e1 una valoraci\u00f3n m\u00e9dica en la cual se decidir\u00e1 la idoneidad del candidato.<br \/>\nDe no existir inconveniente, la donaci\u00f3n durar\u00e1 alrededor de 50 minutos pero es importantes que consideres que en ocasiones el proceso puede durar hasta 90 minutos.<br \/>\nUna vez que ha concluido la donaci\u00f3n, deber\u00e1s reposar y tomar el refrigerio que all\u00ed mismo se te proporcionar\u00e1.[\/vc_column_text]<h2 class=\"box-header large margin-top-30 no-border\">Requisitos para la Donaci\u00f3n de Sangre<\/h2>[vc_column_text el_class=\u00bblarge margin-top-10&#8243;]La donaci\u00f3n de sangre es voluntaria y altruista. La cantidad donada son 450 mililitros de sangre<\/p>\n<p>\u00bfCu\u00e1les son los requisitos para poder donar?[\/vc_column_text]<ul class=\"simple-list clearfix\"><\/ul>[vc_row_inner][vc_column_inner width=\u00bb1\/2&#8243;]<ul class=\"simple-list clearfix\"><li class=\"template-tick-2 clearfix\">\n\t\t\t<span>Tener entre 18 y 65 a\u00f1o.<\/span><\/li><li class=\"template-tick-2 clearfix\">\n\t\t\t<span>Peso m\u00ednimo de 50 Kg.<\/span><\/li><li class=\"template-tick-2 clearfix\">\n\t\t\t<span>Tener, en t\u00e9rminos generales, buena salud.<\/span><\/li><br \/>\n<li class=\"template-tick-2 clearfix\">\n\t\t\t<span>No haber tenido cirug\u00eda alguna en los \u00faltimos seis meses.<\/span><\/li><br \/>\n<li class=\"template-tick-2 clearfix\">\n\t\t\t<span>No haberse realizado tatuaje, perforaci\u00f3n o acupuntura en los \u00faltimos doce meses.<\/span><\/li><br \/>\n<li class=\"template-tick-2 clearfix\">\n\t\t\t<span>No haber padecido infecciones como hepatitis B o C, VIH-SIDA, enfermedad de Chagas o s\u00edfilis.<\/span><\/li><br \/>\n<li class=\"template-tick-2 clearfix\">\n\t\t\t<span>No padecer epilepsia, tuberculosis o enfermedades graves del coraz\u00f3n.<\/span><\/li><\/ul>[\/vc_column_inner][vc_column_inner width=\u00bb1\/2&#8243;]<ul class=\"simple-list clearfix\"><li class=\"template-tick-2 clearfix\">\n\t\t\t<span>No haber recibido trasplantes de \u00f3rganos.<\/span><\/li><br \/>\n<li class=\"template-tick-2 clearfix\">\n\t\t\t<span>No usar drogas intravenosas o inhaladas.<\/span><\/li><br \/>\n<li class=\"template-tick-2 clearfix\">\n\t\t\t<span>Mujeres: no estar embarazada o lactando.<\/span><\/li><br \/>\n<li class=\"template-tick-2 clearfix\">\n\t\t\t<span>En los 5 d\u00edas previos a donar, no haber tomado analg\u00e9sicos.<\/span><\/li><br \/>\n<li class=\"template-tick-2 clearfix\">\n\t\t\t<span>No haber ingerido bebidas alcoh\u00f3licas en las \u00faltimas 48 horas.<\/span><\/li><br \/>\n<li class=\"template-tick-2 clearfix\">\n\t\t\t<span>El d\u00eda de la donaci\u00f3n: no presentar tos, resfriado, dolores de cabeza o de abdomen.<\/span><\/li><br \/>\n<li class=\"template-tick-2 clearfix\">\n\t\t\t<span>Puede presentarse a la donaci\u00f3n despu\u00e9s de un desayuno ligero (fruta y caf\u00e9).<\/span><\/li><\/ul>[\/vc_column_inner][\/vc_row_inner]<h2 class=\"box-header page-margin-top\">Domicilio<\/h2>[vc_column_text]<\/p>\n<p style=\"text-align: center;\">Calle 20 de Noviembre No. 10 San Mat\u00edas Tepetomatitl\u00e1n, Tlax<\/p>\n<p style=\"text-align: center;\">Tel\u00e9fono 2464627909<\/p>\n<p style=\"text-align: center;\">Director. C. Daniel Juventino V\u00e1zquez G\u00f3mez<\/p>\n<p style=\"text-align: center;\">Horario de Atenci\u00f3n<\/p>\n<p style=\"text-align: center;\">Captaci\u00f3n de Donantes Lunes a Domingo\u00a0 07:00 a 10:00<\/p>\n<p style=\"text-align: center;\">Servicio de Banco de Sangre Lunes a Domingo 24 Horas<\/p>\n<p>[\/vc_column_text][\/vc_column][\/vc_row][vc_row][vc_column top_margin=\u00bbpage-margin-top\u00bb][vc_separator][\/vc_column][\/vc_row][vc_row type=\u00bbfull-width\u00bb top_margin=\u00bbpage-margin-top\u00bb css=\u00bb.vc_custom_1683408693595{background-color: #ffffff !important;}\u00bb][vc_column width=\u00bb1\/2&#8243; css=\u00bb.vc_custom_1683343347752{background-position: center !important;background-repeat: no-repeat !important;background-size: cover !important;}\u00bb][vc_gallery interval=\u00bb3&#8243; images=\u00bb6197,6196,6195,6194&#8243; img_size=\u00bblarge\u00bb onclick=\u00bb\u00bb css_animation=\u00bbfadeIn\u00bb][\/vc_column][vc_column width=\u00bb1\/2&#8243;][vc_row_inner el_class=\u00bbpadding-left-100&#8243;][\/vc_row_inner][vc_column_inner][\/vc_column_inner]<h3 class=\"box-header margin-top-92\">CRUMT<\/h3><h2 class=\"box-header large margin-top-30 no-border\">Centro Regulador de Urgencias Medicas Tlaxcala<\/h2>[vc_column_text]<strong>Centro Regulador de Urgencias M\u00e9dicas Tlaxcala<\/strong> es\u00a0 la instancia t\u00e9cnico-m\u00e9dico-administrativa, responsabilidad de la Secretar\u00eda de Salud Estatal o del Gobierno del Distrito Federal en su caso, que establece la secuencia de las actividades espec\u00edficas para la atenci\u00f3n m\u00e9dica prehospitalaria, en el sitio delevento cr\u00edtico, el traslado y la recepci\u00f3n en el establecimiento para la atenci\u00f3n m\u00e9dica designado, con la finalidad de brindar atenci\u00f3n m\u00e9dica oportuna y especializada las 24 horas del d\u00eda, los 365 d\u00edas del a\u00f1o. El n\u00famero de CRUM&#8217;s que deban operar en una entidad federativa estar\u00e1 determinado por las caracter\u00edsticas geopoblacionales de cada entidad federativa.<\/p>\n<p>El CRUMT cuenta con personal m\u00e9dico las 24 horas los 365 d\u00edas del a\u00f1o\u00a0 en las instalaciones del c4 , as\u00ed como personal Paramedico y ambulancias de alta tecnolog\u00eda ,as\u00ed como\u00a0 una ambulancia a\u00e9rea , cabe desatar la relaci\u00f3n que se tiene con las diferentes cooperaciones que cuentan con servicio de atenci\u00f3n medica prehospitalario como es cruz roja , protecci\u00f3n civil , asociaciones de voluntarios etc con el fin de brindar los apoyos prehospitalarios e Interhospitalarios , a la poblaci\u00f3n del estado de tlaxcala[\/vc_column_text]<div id='map' style='width:100%;height:400px;'><\/div>[\/vc_column][\/vc_row][vc_row][vc_column][vc_column_text][\/vc_column_text][\/vc_column][\/vc_row]<\/p>\n<\/section>","protected":false},"excerpt":{"rendered":"<p>[vc_row type=\u00bbfull-width\u00bb top_margin=\u00bbpage-margin-top\u00bb][vc_column width=\u00bb1\/2&#8243;][vc_single_image image=\u00bb6608&#8243; img_size=\u00bblarge-thumb\u00bb alignment=\u00bbcenter\u00bb][\/vc_column][vc_column width=\u00bb1\/2&#8243;][vc_column_text el_class=\u00bblarge margin-top-10&#8243;]Se realizar\u00e1 una valoraci\u00f3n m\u00e9dica en la cual se decidir\u00e1 la idoneidad del candidato. De no existir inconveniente, la donaci\u00f3n durar\u00e1 alrededor de 50 minutos pero es importantes que consideres que en ocasiones el proceso puede durar hasta 90 minutos. Una vez que ha concluido la<\/p>\n","protected":false},"author":1,"featured_media":0,"parent":0,"menu_order":0,"comment_status":"closed","ping_status":"closed","template":"","meta":{"footnotes":""},"class_list":["post-5611","page","type-page","status-publish","hentry"],"_links":{"self":[{"href":"https:\/\/www.saludtlax.gob.mx\/portal\/index.php\/wp-json\/wp\/v2\/pages\/5611","targetHints":{"allow":["GET"]}}],"collection":[{"href":"https:\/\/www.saludtlax.gob.mx\/portal\/index.php\/wp-json\/wp\/v2\/pages"}],"about":[{"href":"https:\/\/www.saludtlax.gob.mx\/portal\/index.php\/wp-json\/wp\/v2\/types\/page"}],"author":[{"embeddable":true,"href":"https:\/\/www.saludtlax.gob.mx\/portal\/index.php\/wp-json\/wp\/v2\/users\/1"}],"replies":[{"embeddable":true,"href":"https:\/\/www.saludtlax.gob.mx\/portal\/index.php\/wp-json\/wp\/v2\/comments?post=5611"}],"version-history":[{"count":86,"href":"https:\/\/www.saludtlax.gob.mx\/portal\/index.php\/wp-json\/wp\/v2\/pages\/5611\/revisions"}],"predecessor-version":[{"id":6609,"href":"https:\/\/www.saludtlax.gob.mx\/portal\/index.php\/wp-json\/wp\/v2\/pages\/5611\/revisions\/6609"}],"wp:attachment":[{"href":"https:\/\/www.saludtlax.gob.mx\/portal\/index.php\/wp-json\/wp\/v2\/media?parent=5611"}],"curies":[{"name":"wp","href":"https:\/\/api.w.org\/{rel}","templated":true}]}}